{"id":1093,"date":"2022-08-20T23:14:21","date_gmt":"2022-08-20T23:14:21","guid":{"rendered":"https:\/\/alimentacionycultura.ucr.ac.cr\/?page_id=1093"},"modified":"2023-10-24T21:49:18","modified_gmt":"2023-10-24T21:49:18","slug":"saberes-y-sabores-ticos-heredia","status":"publish","type":"page","link":"https:\/\/alimentacionycultura.ucr.ac.cr\/index.php\/alimentacion-cultura-y-celebracion\/saberes-y-sabores-ticos\/saberes-y-sabores-ticos-heredia\/","title":{"rendered":"Heredia"},"content":{"rendered":"\t\t<div data-elementor-type=\"wp-page\" data-elementor-id=\"1093\" class=\"elementor elementor-1093\">\n\t\t\t\t\t\t<section class=\"elementor-section elementor-top-section elementor-element elementor-element-e9a4c41 elementor-section-boxed elementor-section-height-default elementor-section-height-default\" data-id=\"e9a4c41\" data-element_type=\"section\" data-e-type=\"section\">\n\t\t\t\t\t\t<div class=\"elementor-container elementor-column-gap-default\">\n\t\t\t\t\t<div class=\"elementor-column elementor-col-100 elementor-top-column elementor-element elementor-element-d008ef5\" data-id=\"d008ef5\" data-element_type=\"column\" data-e-type=\"column\">\n\t\t\t<div class=\"elementor-widget-wrap elementor-element-populated\">\n\t\t\t\t\t\t<div class=\"elementor-element elementor-element-d091d64 elementor-widget elementor-widget-image\" data-id=\"d091d64\" data-element_type=\"widget\" data-e-type=\"widget\" data-widget_type=\"image.default\">\n\t\t\t\t<div class=\"elementor-widget-container\">\n\t\t\t\t\t\t\t\t\t\t\t\t\t\t\t<img fetchpriority=\"high\" decoding=\"async\" width=\"1024\" height=\"377\" src=\"https:\/\/alimentacionycultura.ucr.ac.cr\/wp-content\/uploads\/2023\/10\/B-Heredia-1024x377.png\" class=\"attachment-large size-large wp-image-4142\" alt=\"Heredia\" srcset=\"https:\/\/alimentacionycultura.ucr.ac.cr\/wp-content\/uploads\/2023\/10\/B-Heredia-1024x377.png 1024w, https:\/\/alimentacionycultura.ucr.ac.cr\/wp-content\/uploads\/2023\/10\/B-Heredia-300x110.png 300w, https:\/\/alimentacionycultura.ucr.ac.cr\/wp-content\/uploads\/2023\/10\/B-Heredia-768x283.png 768w, https:\/\/alimentacionycultura.ucr.ac.cr\/wp-content\/uploads\/2023\/10\/B-Heredia-1536x566.png 1536w, https:\/\/alimentacionycultura.ucr.ac.cr\/wp-content\/uploads\/2023\/10\/B-Heredia.png 1920w\" sizes=\"(max-width: 1024px) 100vw, 1024px\" \/>\t\t\t\t\t\t\t\t\t\t\t\t\t\t\t<\/div>\n\t\t\t\t<\/div>\n\t\t\t\t\t<\/div>\n\t\t<\/div>\n\t\t\t\t\t<\/div>\n\t\t<\/section>\n\t\t\t\t<section class=\"elementor-section elementor-top-section elementor-element elementor-element-4daaccc section-container elementor-section-boxed elementor-section-height-default elementor-section-height-default\" data-id=\"4daaccc\" data-element_type=\"section\" data-e-type=\"section\" data-settings=\"{&quot;background_background&quot;:&quot;classic&quot;}\">\n\t\t\t\t\t\t<div class=\"elementor-container elementor-column-gap-default\">\n\t\t\t\t\t<div class=\"elementor-column elementor-col-100 elementor-top-column elementor-element elementor-element-1b35ee3\" data-id=\"1b35ee3\" data-element_type=\"column\" data-e-type=\"column\">\n\t\t\t<div class=\"elementor-widget-wrap elementor-element-populated\">\n\t\t\t\t\t\t<div class=\"elementor-element elementor-element-ef23bf7 animated-slow elementor-invisible elementor-widget elementor-widget-heading\" data-id=\"ef23bf7\" data-element_type=\"widget\" data-e-type=\"widget\" data-settings=\"{&quot;_animation&quot;:&quot;fadeIn&quot;}\" data-widget_type=\"heading.default\">\n\t\t\t\t<div class=\"elementor-widget-container\">\n\t\t\t\t\t<h1 class=\"elementor-heading-title elementor-size-default\">Heredia: Saberes y sabores ticos<\/h1>\t\t\t\t<\/div>\n\t\t\t\t<\/div>\n\t\t\t\t<div class=\"elementor-element elementor-element-cf73287 elementor-widget elementor-widget-text-editor\" data-id=\"cf73287\" data-element_type=\"widget\" data-e-type=\"widget\" data-widget_type=\"text-editor.default\">\n\t\t\t\t<div class=\"elementor-widget-container\">\n\t\t\t\t\t\t\t\t\t<p class=\"p1\">Heredia es considerada como la provincia m\u00e1s peque\u00f1a de Costa Rica con una extensi\u00f3n cercana a 2657 km<sup>2<\/sup> distribuida en 10 cantones y 47 distritos.<span class=\"Apple-converted-space\">\u00a0 <\/span>En el \u00e1mbito de alimentaci\u00f3n y cultura,<span class=\"Apple-converted-space\">\u00a0 <\/span>los poblados heredianos se destacan por la diversidad de pr\u00e1cticas alimentarias seg\u00fan la disponibilidad y acceso a productos alimenticios, y el v\u00ednculo de la alimentaci\u00f3n con otras manifestaciones culturales seguidas por sus pobladores.<span class=\"Apple-converted-space\">\u00a0 <\/span>En esta secci\u00f3n encontrar\u00e1 informaci\u00f3n sobre tradiciones propias de la provincia de las flores.<\/p>\t\t\t\t\t\t\t\t<\/div>\n\t\t\t\t<\/div>\n\t\t\t\t\t<\/div>\n\t\t<\/div>\n\t\t\t\t\t<\/div>\n\t\t<\/section>\n\t\t\t\t<section class=\"elementor-section elementor-top-section elementor-element elementor-element-1f686009 section-container elementor-section-boxed elementor-section-height-default elementor-section-height-default\" data-id=\"1f686009\" data-element_type=\"section\" data-e-type=\"section\" data-settings=\"{&quot;background_background&quot;:&quot;classic&quot;}\">\n\t\t\t\t\t\t<div class=\"elementor-container elementor-column-gap-default\">\n\t\t\t\t\t<div class=\"elementor-column elementor-col-100 elementor-top-column elementor-element elementor-element-2efddc5e\" data-id=\"2efddc5e\" data-element_type=\"column\" data-e-type=\"column\">\n\t\t\t<div class=\"elementor-widget-wrap elementor-element-populated\">\n\t\t\t\t\t\t<div class=\"elementor-element elementor-element-5ad0ac56 elementor-grid-eael-col-3 elementor-grid-tablet-eael-col-2 elementor-grid-mobile-eael-col-1 elementor-widget elementor-widget-eael-post-grid\" data-id=\"5ad0ac56\" data-element_type=\"widget\" data-e-type=\"widget\" data-settings=\"{&quot;eael_post_grid_columns&quot;:&quot;eael-col-3&quot;,&quot;eael_post_grid_columns_tablet&quot;:&quot;eael-col-2&quot;,&quot;eael_post_grid_columns_mobile&quot;:&quot;eael-col-1&quot;}\" data-widget_type=\"eael-post-grid.default\">\n\t\t\t\t<div class=\"elementor-widget-container\">\n\t\t\t\t\t<div id=\"eael-post-grid-5ad0ac56\" class=\"eael-post-grid-container\">\n            <div class=\"eael-post-grid eael-post-appender eael-post-appender-5ad0ac56 eael-post-grid-style-one\" data-layout-mode=\"grid\"><p class=\"no-posts-found\">\u00a1No se han encontrado entradas!<\/p><\/div>\n            <div class=\"clearfix\"><\/div>\n        <\/div>\t\t\t\t<\/div>\n\t\t\t\t<\/div>\n\t\t\t\t\t<\/div>\n\t\t<\/div>\n\t\t\t\t\t<\/div>\n\t\t<\/section>\n\t\t\t\t<section class=\"elementor-section elementor-top-section elementor-element elementor-element-fd74f95 elementor-section-boxed elementor-section-height-default elementor-section-height-default\" data-id=\"fd74f95\" data-element_type=\"section\" data-e-type=\"section\">\n\t\t\t\t\t\t<div class=\"elementor-container elementor-column-gap-default\">\n\t\t\t\t\t<div class=\"elementor-column elementor-col-100 elementor-top-column elementor-element elementor-element-d20e2fa\" data-id=\"d20e2fa\" data-element_type=\"column\" data-e-type=\"column\">\n\t\t\t<div class=\"elementor-widget-wrap elementor-element-populated\">\n\t\t\t\t\t\t<div class=\"elementor-element elementor-element-e8d3171 elementor-widget elementor-widget-image\" data-id=\"e8d3171\" data-element_type=\"widget\" data-e-type=\"widget\" data-widget_type=\"image.default\">\n\t\t\t\t<div class=\"elementor-widget-container\">\n\t\t\t\t\t\t\t\t\t\t\t\t\t\t\t<img decoding=\"async\" width=\"1024\" height=\"259\" src=\"https:\/\/alimentacionycultura.ucr.ac.cr\/wp-content\/uploads\/2023\/10\/F-Heredia-1024x259.png\" class=\"attachment-large size-large wp-image-4139\" alt=\"Fresas, Heredia\" srcset=\"https:\/\/alimentacionycultura.ucr.ac.cr\/wp-content\/uploads\/2023\/10\/F-Heredia-1024x259.png 1024w, https:\/\/alimentacionycultura.ucr.ac.cr\/wp-content\/uploads\/2023\/10\/F-Heredia-300x76.png 300w, https:\/\/alimentacionycultura.ucr.ac.cr\/wp-content\/uploads\/2023\/10\/F-Heredia-768x194.png 768w, https:\/\/alimentacionycultura.ucr.ac.cr\/wp-content\/uploads\/2023\/10\/F-Heredia-1536x388.png 1536w, https:\/\/alimentacionycultura.ucr.ac.cr\/wp-content\/uploads\/2023\/10\/F-Heredia-2048x518.png 2048w\" sizes=\"(max-width: 1024px) 100vw, 1024px\" \/>\t\t\t\t\t\t\t\t\t\t\t\t\t\t\t<\/div>\n\t\t\t\t<\/div>\n\t\t\t\t\t<\/div>\n\t\t<\/div>\n\t\t\t\t\t<\/div>\n\t\t<\/section>\n\t\t\t\t<\/div>\n\t\t","protected":false},"excerpt":{"rendered":"<p>Heredia: Saberes y sabores ticos Heredia es considerada como la provincia m\u00e1s peque\u00f1a de Costa Rica con una extensi\u00f3n cercana a 2657 km2 distribuida en 10 cantones y 47 distritos.\u00a0 En el \u00e1mbito de alimentaci\u00f3n y cultura,\u00a0 los poblados heredianos se destacan por la diversidad de pr\u00e1cticas alimentarias seg\u00fan la disponibilidad y acceso a productos [&hellip;]<\/p>\n","protected":false},"author":5,"featured_media":0,"parent":1145,"menu_order":0,"comment_status":"closed","ping_status":"closed","template":"","meta":{"site-sidebar-layout":"no-sidebar","site-content-layout":"page-builder","ast-site-content-layout":"default","site-content-style":"default","site-sidebar-style":"default","ast-global-header-display":"","ast-banner-title-visibility":"","ast-main-header-display":"","ast-hfb-above-header-display":"","ast-hfb-below-header-display":"","ast-hfb-mobile-header-display":"","site-post-title":"disabled","ast-breadcrumbs-content":"","ast-featured-img":"disabled","footer-sml-layout":"","ast-disable-related-posts":"","theme-transparent-header-meta":"","adv-header-id-meta":"","stick-header-meta":"","header-above-stick-meta":"","header-main-stick-meta":"","header-below-stick-meta":"","astra-migrate-meta-layouts":"default","ast-page-background-enabled":"default","ast-page-background-meta":{"desktop":{"background-color":"var(--ast-global-color-4)","background-image":"","background-repeat":"repeat","background-position":"center center","background-size":"auto","background-attachment":"scroll","background-type":"","background-media":"","overlay-type":"","overlay-color":"","overlay-opacity":"","overlay-gradient":""},"tablet":{"background-color":"","background-image":"","background-repeat":"repeat","background-position":"center center","background-size":"auto","background-attachment":"scroll","background-type":"","background-media":"","overlay-type":"","overlay-color":"","overlay-opacity":"","overlay-gradient":""},"mobile":{"background-color":"","background-image":"","background-repeat":"repeat","background-position":"center center","background-size":"auto","background-attachment":"scroll","background-type":"","background-media":"","overlay-type":"","overlay-color":"","overlay-opacity":"","overlay-gradient":""}},"ast-content-background-meta":{"desktop":{"background-color":"var(--ast-global-color-5)","background-image":"","background-repeat":"repeat","background-position":"center center","background-size":"auto","background-attachment":"scroll","background-type":"","background-media":"","overlay-type":"","overlay-color":"","overlay-opacity":"","overlay-gradient":""},"tablet":{"background-color":"var(--ast-global-color-5)","background-image":"","background-repeat":"repeat","background-position":"center center","background-size":"auto","background-attachment":"scroll","background-type":"","background-media":"","overlay-type":"","overlay-color":"","overlay-opacity":"","overlay-gradient":""},"mobile":{"background-color":"var(--ast-global-color-5)","background-image":"","background-repeat":"repeat","background-position":"center center","background-size":"auto","background-attachment":"scroll","background-type":"","background-media":"","overlay-type":"","overlay-color":"","overlay-opacity":"","overlay-gradient":""}},"footnotes":""},"class_list":["post-1093","page","type-page","status-publish","hentry"],"_links":{"self":[{"href":"https:\/\/alimentacionycultura.ucr.ac.cr\/index.php\/wp-json\/wp\/v2\/pages\/1093","targetHints":{"allow":["GET"]}}],"collection":[{"href":"https:\/\/alimentacionycultura.ucr.ac.cr\/index.php\/wp-json\/wp\/v2\/pages"}],"about":[{"href":"https:\/\/alimentacionycultura.ucr.ac.cr\/index.php\/wp-json\/wp\/v2\/types\/page"}],"author":[{"embeddable":true,"href":"https:\/\/alimentacionycultura.ucr.ac.cr\/index.php\/wp-json\/wp\/v2\/users\/5"}],"replies":[{"embeddable":true,"href":"https:\/\/alimentacionycultura.ucr.ac.cr\/index.php\/wp-json\/wp\/v2\/comments?post=1093"}],"version-history":[{"count":36,"href":"https:\/\/alimentacionycultura.ucr.ac.cr\/index.php\/wp-json\/wp\/v2\/pages\/1093\/revisions"}],"predecessor-version":[{"id":4174,"href":"https:\/\/alimentacionycultura.ucr.ac.cr\/index.php\/wp-json\/wp\/v2\/pages\/1093\/revisions\/4174"}],"up":[{"embeddable":true,"href":"https:\/\/alimentacionycultura.ucr.ac.cr\/index.php\/wp-json\/wp\/v2\/pages\/1145"}],"wp:attachment":[{"href":"https:\/\/alimentacionycultura.ucr.ac.cr\/index.php\/wp-json\/wp\/v2\/media?parent=1093"}],"curies":[{"name":"wp","href":"https:\/\/api.w.org\/{rel}","templated":true}]}}